e highest common factor of f and 16464.
48
Suppose -2*m + 209 = x, -2*m + x - 4*x + 211 = 0. Suppose -m = -o - o. Suppose -3*z + 252 - 18 = 0. Calculate the highest common divisor of z and o.
26
Let p(c) = c + 1. Let f(v) = 15*v**2 - 5*v - 2. Let d(s) = f(s) + 6*p(s). Let g be d(-3). Calculate the greatest common factor of g and 17.
17
Let i be 1/4 - 49/4. Let z(w) be the third derivative of -w**4/24 + 5*w**3/2 - 2*w**2 - 350. Let o be z(i). Calculate the highest common divisor of o and 9.
9
Let v be (-6 - -6 - (-8)/12)*144. Suppose -26 + v = 5*a. Let c(t) = t**3 - 2*t**2 - 6*t + 4. Let r be c(5). Calculate the highest common factor of r and a.
7
Let m = 978 + -942. What is the greatest common divisor of m and 522?
18
Suppose -9984 = -16*u + 32*u. Let s be (2 + u/8)*(-9)/4. What is the highest common divisor of 18 and s?
9
Let b = -7429 - -14837. What is the highest common factor of 8 and b?
8
Suppose -2*j + 506 = -5*r + 4*r, 0 = -r + 3*j - 504. Let y = 642 + r. Calculate the highest common divisor of 48 and y.
12
Suppose 0*n + 751 = 5*l + 2*n, 0 = l + n - 152. Let w = l + -99. Let g = -40 + w. What is the greatest common factor of g and 40?
10
Let k(p) = -p**3 - 23*p**2 + 48*p - 34. Let v be k(-25). Let s be (2 - -7 - -49) + 6. Calculate the highest common divisor of v and s.
16
Let s(o) = 2259*o - 2377. Let v be s(3). Calculate the highest common divisor of 616 and v.
88
Suppose -4*u + 450 = -2*u. Suppose -20*x = -10*x - 30. Suppose -2*j + x*j = q - 25, -j + 75 = 3*q. What is the highest common factor of q and u?
25
Let f(s) be the third derivative of s**4/3 + 11*s**3/6 + 27*s**2. Let p be f(6). Let h = 81 - p. Calculate the greatest common factor of h and 176.
22
Suppose 4*k - 3*o - 76214 = 0, -3*o - 16220 = -5*k + 79052. What is the greatest common divisor of k and 39?
13
Let k = 348 + 5629. What is the greatest common factor of k and 43?
43
Suppose -20*k + 19*k - 3*i + 91 = 0, -2*k + 137 = -3*i. What is the highest common divisor of k and 8284?
76
Let q = -189 - -274. Suppose 40*b + 4*w + 76 = 42*b, 3*b - w = 104. What is the highest common divisor of q and b?
17
Suppose 0 = -0*v + v - 19. Let b(f) = f**2 + 31*f + 76. Suppose -13*p + 155 = -18*p. Let y be b(p). Calculate the highest common divisor of v and y.
19
Suppose 5*v = -3*f - 144, -3*v + 52 = -5*v - 4*f. Let g = 26 + v. Let r = -1 - g. What is the greatest common factor of r and 9?
3
Suppose -p - 136 + 438 = -105. What is the highest common factor of 99 and p?
11
Let g(m) = 4*m**2 - 333*m + 213. Let c be g(83). What is the greatest common divisor of 1079 and c?
13
Suppose 2*h + 6*n - 11*n + 316 = 0, 3*n - 474 = 3*h. Let a = -80 - h. What is the greatest common factor of 52 and a?
26
Suppose -259 = 13*p - 272*p. Suppose 2*w = 5*s - 720, -4 = 4*s - 5*s. Let b be w/(-21) + 4/(-6). What is the highest common factor of b and p?
1
Let r be ((-525)/20)/((-90)/480). What is the greatest common factor of 720 and r?
20
Let t(s) = -s + 3. Let q be t(1). Let u be (-1)/(-11) - 918/297 - -10. What is the highest common factor of q and u?
1
Let p(q) = -q**2 - 12*q + 122. Let d(z) = z**2 - 9*z + 24. Let k be d(6). Let h be p(k). Calculate the greatest common factor of 63 and h.
7
Let k(l) = 3*l**2 + 23*l + 21. Let r be k(-11). Suppose -4*c + c + 6 = 0, -r = -3*n + 2*c. What is the greatest common factor of 120 and n?
15
Suppose 0 = c + 2*q - 3*q + 11, 5*q - 43 = 3*c. Let v be c - (-72 - (7 - 15)). Calculate the highest common factor of 8 and v.
2
Let t(c) = -32*c - 9. Let i be t(-2). Let p be ((-22)/i)/(8/(-310))*2. Suppose p = -7*n + 367. What is the highest common divisor of 6 and n?
6
Let p = 8742 - 6833. What is the highest common divisor of p and 46?
23
Suppose -r = -4*n - 18, -4*n = -5*n - 4. Suppose -r*d - 134 = -0*y - 3*y, 5*d - 102 = -2*y. Calculate the greatest common divisor of y and 161.
23
Let x be ((-4)/(-2))/((-3)/(-1230)*5). Let d = -159 + x. Suppose -3*r + 3*p + 114 = -0*r, 4*r + p = 137. What is the greatest common factor of d and r?
5
Let f be (((-5130)/(-50))/9)/((-495)/125 + 4). Calculate the greatest common divisor of 798 and f.
57
Suppose 8*p - 140 = 9*p. Let h = p + 166. Calculate the greatest common divisor of h and 221.
13
Let z = -19 + 19. Suppose z = -3*a + 108 + 216. Let o = a + -76. What is the greatest common factor of 8 and o?
8
Suppose 0 = -3*l + 15, 4*v + 0*l = 3*l + 113. Let t(g) = -g**3 - 3*g**2 - 7*g - 42. Let a be t(-4). Calculate the highest common divisor of v and a.
2
Let s = -1 + 24. Let z = 639 - 63. Let k = z + -392. What is the highest common divisor of s and k?
23
Let a = -605 + 623. Let l be (-2)/(-5) - (13356/(-70))/a. Let g be 10 - -1*(3 + -2). Calculate the greatest common divisor of l and g.
11
Let o(u) = 5*u**2 + 9*u - 13. Let q be o(-3). Suppose 3*m + q*z - 9 = 0, 2*z - 4*z = -4*m + 38. Calculate the highest common factor of m and 136.
8
Let t be 0 + 3 - (-8 + 45/9). Let u be 5/(-15) + 20/6. Suppose -u*m + 3*p = -t*m + 150, 5*m - 268 = 4*p. What is the highest common factor of 13 and m?
13
Suppose 4*t - 2*b - 368 = 0, 55*t - 52*t = -b + 266. What is the greatest common factor of 3375 and t?
45
Let g(q) = -q**3 + 20*q**2 - 2*q + 71. Let m be g(20). Let y(p) = -p**3 + 31*p**2 + 7*p + 7. Let b be y(m). What is the highest common factor of 28 and b?
28
Let n be (-4970)/(-8) - (-3)/(-12). Let x be (-1140)/(-114) + 61 + -2. What is the highest common factor of x and n?
69
Suppose 36*k = 192 + 2040. What is the greatest common factor of 6014 and k?
62
Let y be -6 + 6/((-12)/(-202)) - 5. What is the greatest common divisor of y and 5895?
45
Let d be 4700/705*(-9)/(-6). Calculate the greatest common divisor of 8110 and d.
10
Suppose 173 - 671 = -6*w. Let y = w - -28. Suppose -u - 5*a = -0*u - 57, -3*u + 5*a = -y. What is the greatest common divisor of 14 and u?
14
Suppose 34 = l + r + 4*r, -5*l + r + 118 = 0. Suppose 12 = 7*w - 23. Suppose k = w*j - 1 - 27, 4*j = -4*k + 32. What is the greatest common divisor of j and l?
6
Let j(n) be the first derivative of 23*n - 1/3*n**3 + 5*n**2 - 5. Let g be j(11). What is the greatest common divisor of 108 and g?
12
Let s be (3 + 7/(-2))/((-39)/546) - 5. Let x(d) = 4*d**2 - d + 2. Let r be x(2). Calculate the highest common divisor of s and r.
2
Suppose -4*q - 83 = -19099. Suppose -137 + q = 19*j. Calculate the greatest common divisor of 3 and j.
3
Let s = 1661 - 961. What is the highest common divisor of s and 1260?
140
Suppose -12*o - 107 = -191. Let w be (o/(7/(-69)))/(-10 + 7). Calculate the highest common divisor of w and 23.
23
Let h = -3426 - -3656. Let x = 5 + 15. Calculate the greatest common factor of x and h.
10
Let s = -96 - -135. Let c be 1/(1 + (-36)/s). What is the highest common factor of 26 and c?
13
Let o be (328/6)/(-5 + (-29)/(-6)). Let v = o - -342. What is the highest common divisor of 238 and v?
14
Let m = 6740 + -6675. Calculate the highest common divisor of m and 6006.
13
Suppose -227 = -4*k + 6*c + 249, 4*c = 2*k - 240. Calculate the highest common divisor of 32 and k.
4
Let u(z) = -4*z**2 - 124*z + 131. Let f be u(-32). Let h = 0 - -24. What is the highest common factor of f and h?
3
Let y = 9453 - 9213. What is the highest common divisor of 1020 and y?
60
Let q(s) = -25*s + 11. Let i be q(6). Let g = i - -156. What is the greatest common factor of g and 272?
17
Let c(t) = 2273*t + 1171. Let z be c(1). What is the highest common divisor of z and 205?
41
Suppose 82*z - 81*z - 158 = 2*b, -z - 5*b = -179. Calculate the highest common divisor of 3690 and z.
82
Suppose 1076*f - 3198 = 1063*f. Calculate the greatest common divisor of f and 14.
2
Suppose 138*k + 58*k = -5156 + 30636. Let s be 1/(0 - 2/(-8)). Suppose -4*l = -2*m + 84, -3*m - 6 = s*l - 182. Calculate the greatest common divisor of m and k.
26
Suppose -9 + 1 = -h. Let o(b) = 12*b**2 + 2*b + 2. Let w(f) = -f**2 + 7*f + 7. Let d be w(8). Let t be o(d). What is the greatest common factor of h and t?
4
Let f = 1313 + -1267. Let p = 1 - -229. Calculate the greatest common divisor of f and p.
46
Let y = -877 + 1465. Calculate the greatest common factor of 84 and y.
84
Let y be ((-220)/(-35))/(1/28). Suppose 4*w = 4*i - 6*i + 352, -i - w + y = 0. Calculate the greatest common divisor of 48 and i.
16
Let x(q) = q**3 + 5*q**2 - 50*q - 